he prime factors of 40302?
2, 3, 2239
What are the prime factors of 1333?
31, 43
What are the prime factors of 40254?
2, 3, 6709
List the prime factors of 13312.
2, 13
List the prime factors of 1132.
2, 283
What are the prime factors of 7325?
5, 293
What are the prime factors of 26?
2, 13
List the prime factors of 25748.
2, 41, 157
List the prime factors of 4507.
4507
List the prime factors of 2261.
7, 17, 19
What are the prime factors of 695?
5, 139
List the prime factors of 574.
2, 7, 41
What are the prime factors of 2430?
2, 3, 5
List the prime factors of 6582.
2, 3, 1097
What are the prime factors of 4746?
2, 3, 7, 113
List the prime factors of 5904.
2, 3, 41
List the prime factors of 765.
3, 5, 17
What are the prime factors of 19168?
2, 599
What are the prime factors of 8941?
8941
What are the prime factors of 116?
2, 29
List the prime factors of 2705.
5, 541
List the prime factors of 14172.
2, 3, 1181
What are the prime factors of 1983?
3, 661
List the prime factors of 7550.
2, 5, 151
What are the prime factors of 1286?
2, 643
List the prime factors of 40956.
2, 3, 3413
List the prime factors of 20443.
20443
List the prime factors of 536.
2, 67
List the prime factors of 1010.
2, 5, 101
List the prime factors of 1117.
1117
List the prime factors of 1100.
2, 5, 11
What are the prime factors of 779?
19, 41
What are the prime factors of 14364?
2, 3, 7, 19
List the prime factors of 163.
163
What are the prime factors of 5967?
3, 13, 17
What are the prime factors of 67425?
3, 5, 29, 31
What are the prime factors of 492?
2, 3, 41
What are the prime factors of 191?
191
List the prime factors of 32601.
3, 10867
What are the prime factors of 16223?
16223
List the prime factors of 413.
7, 59
List the prime factors of 5016.
2, 3, 11, 19
What are the prime factors of 142?
2, 71
What are the prime factors of 103975?
5, 4159
List the prime factors of 25179.
3, 7, 11, 109
What are the prime factors of 14908?
2, 3727
List the prime factors of 7122.
2, 3, 1187
List the prime factors of 945.
3, 5, 7
What are the prime factors of 1561?
7, 223
List the prime factors of 38092.
2, 89, 107
List the prime factors of 615.
3, 5, 41
List the prime factors of 15497.
15497
List the prime factors of 120.
2, 3, 5
List the prime factors of 788.
2, 197
What are the prime factors of 3942?
2, 3, 73
What are the prime factors of 50155?
5, 7, 1433
What are the prime factors of 7263?
3, 269
List the prime factors of 108583.
23, 4721
What are the prime factors of 2804?
2, 701
List the prime factors of 5.
5
What are the prime factors of 54211?
23, 2357
List the prime factors of 908.
2, 227
List the prime factors of 8448.
2, 3, 11
What are the prime factors of 90718?
2, 67, 677
What are the prime factors of 1777?
1777
What are the prime factors of 1521?
3, 13
What are the prime factors of 18960?
2, 3, 5, 79
List the prime factors of 293.
293
List the prime factors of 1011.
3, 337
What are the prime factors of 11317?
11317
What are the prime factors of 161824?
2, 13, 389
What are the prime factors of 9802?
2, 13, 29
List the prime factors of 297.
3, 11
What are the prime factors of 4854?
2, 3, 809
List the prime factors of 4711.
7, 673
What are the prime factors of 14260?
2, 5, 23, 31
List the prime factors of 10517.
13, 809
List the prime factors of 1272.
2, 3, 53
List the prime factors of 9859.
9859
List the prime factors of 26025.
3, 5, 347
List the prime factors of 11896.
2, 1487
What are the prime factors of 36798?
2, 3, 6133
List the prime factors of 119800.
2, 5, 599
What are the prime factors of 6198?
2, 3, 1033
List the prime factors of 1057.
7, 151
List the prime factors of 3059.
7, 19, 23
List the prime factors of 51925.
5, 31, 67
What are the prime factors of 15458?
2, 59, 131
List the prime factors of 1457.
31, 47
What are the prime factors of 7803?
3, 17
What are the prime factors of 42982?
2, 21491
List the prime factors of 106.
2, 53
What are the prime factors of 2439?
3, 271
What are the prime factors of 1309?
7, 11, 17
What are the prime factors of 2018?
2, 1009
What are the prime factors of 2400?
2, 3, 5
List the prime factors of 18105.
3, 5, 17, 71
What are the prime factors of 1044?
2, 3, 29
List the prime factors of 1333.
31, 43
What are the prime factors of 1624?
2, 7, 29
List the prime factors of 3361.
3361
List the prime factors of 21568.
2, 337
List the prime factors of 25222.
2, 12611
List the prime factors of 7718.
2, 17, 227
List the prime factors of 4879.
7, 17, 41
List the prime factors of 5827.
5827
What are the prime factors of 69?
3, 23
List the prime factors of 9320.
2, 5, 233
List the prime factors of 13496.
2, 7, 241
What are the prime factors of 2110?
2, 5, 211
List the prime factors of 135804.
2, 3, 11317
List the prime factors of 1516.
2, 379
What are the prime factors of 1727?
11, 157
What are the prime factors of 2651?
11, 241
List the prime factors of 73.
73
What are the prime factors of 3049?
3049
List the prime factors of 2476.
2, 619
What are the prime factors of 794?
2, 397
List the prime factors of 831.
3, 277
List the prime factors of 13441.
13441
List the prime factors of 13873.
13873
What are the prime factors of 17136?
2, 3, 7, 17
List the prime factors of 857.
857
List the prime factors of 2139.
3, 23, 31
List the prime factors of 697.
17, 41
What are the prime factors of 105883?
105883
List the prime factors of 8402.
2, 4201
List the prime factors of 716.
2, 179
List the prime factors of 1038.
2, 3, 173
What are the prime factors of 19153?
107, 179
List the prime factors of 929.
929
What are the prime factors of 1511?
1511
What are the prime factors of 21983?
13, 19, 89
What are the prime factors of 13061?
37, 353
What are the prime factors of 54762?
2, 3, 9127
What are the prime factors of 1733?
1733
List the prime factors of 8041.
11, 17, 43
List the prime factors of 13349.
7, 1907
What are the prime factors of 13784?
2, 1723
List the prime factors of 5702.
2, 2851
List the prime factors of 36870.
2, 3, 5, 1229
List the prime factors of 13894.
2, 6947
List the prime factors of 56811.
3, 29, 653
What are the prime factors of 7136?
2, 223
List the prime factors of 139.
139
List the prime factors of 144759.
3, 73, 661
List the prime factors of 55542.
2, 3, 9257
What are the prime factors of 2610?
2, 3, 5, 29
What are the prime factors of 53586?
2, 3, 13, 229
What are the prime factors of 91339?
241, 379
What are the prime factors of 348?
2, 3, 29
List the prime factors of 17694.
2, 3, 983
List the prime factors of 1470.
2, 3, 5, 7
What are the prime factors of 4681?
31, 151
List the prime factors of 7836.
2, 3, 653
List the prime factors of 12062.
2, 37, 163
What are the prime factors of 1076?
2, 269
List the prime factors of 7458.
2, 3, 11, 113
List the prime factors of 15326.
2, 79, 97
What are the prime factors of 1687?
7, 241
What are the prime factors of 45610?
2, 5, 4561
What are the prime factors of 1609?
1609
List the prime factors of 18083.
13, 107
List the prime factors of 1271.
31, 41
List the prime factors of 11205.
3, 5, 83
List the prime factors of 1363.
29, 47
What are the prime factors of 157?
157
List the prime factors of 116786.
2, 58393
List the prime factors of 3898.
2, 1949
List the prime factors of 11589.
3, 3863
What are the prime factors of 262?
2, 131
List the prime factors of 1344.
2, 3, 7
What are the prime factors of 713?
23, 31
List the prime factors of 5845.
5, 7, 167
What are the prime factors of 31484?
2, 17, 463
What are the prime factors of 7220?
2, 5, 19
What are the prime factors of 168?
2, 3, 7
What are the prime factors of 9928?
2, 17, 73
List the prime factors of 7664.
2, 479
What are the prime factors of 88178?
2, 44089
List the prime factors of 30482.
2, 15241
List the prime factors of 5822.
2, 41, 71
List the prime factors of 937.
937
List the prime factors of 1897.
7, 271
What are the prime factors of 24307?
109, 223
List the prime factors of 17329.
13, 31, 43
What are the prime factors of 12593?
7, 257
List the prime factors of 718.
2, 359
List the prime factors of 182.
2, 7, 13
List the prime factors of 3041.
3041
What are the prime factors of 1888?
2, 59
List the prime factors of 23984.
2, 1499
List the prime factors of 9224.
2, 1153
List the prime factors of 1508.
2, 13, 29
Wh